{"id":26,"date":"2013-09-04T16:12:09","date_gmt":"2013-09-04T14:12:09","guid":{"rendered":"http:\/\/bsfastighetsab.se\/?page_id=26"},"modified":"2014-10-21T16:11:53","modified_gmt":"2014-10-21T14:11:53","slug":"hem","status":"publish","type":"page","link":"http:\/\/bsfastighetsab.se\/","title":{"rendered":"V\u00e4lkommen"},"content":{"rendered":"<p><strong>Bertil Str\u00f6mberg Fastighets\u00a0AB<\/strong> f\u00f6rvaltar 14 bostadsfastigheter i Stockholms s\u00f6dra n\u00e4rf\u00f6rorter. F\u00f6retaget grundades 1969 och \u00e4gs idag av stiftelsen Bertil Str\u00f6mberg.<\/p>\n","protected":false},"excerpt":{"rendered":"<p>Bertil Str\u00f6mberg Fastighets\u00a0AB f\u00f6rvaltar 14 bostadsfastigheter i Stockholms s\u00f6dra n\u00e4rf\u00f6rorter. F\u00f6retaget grundades 1969 och \u00e4gs idag av stiftelsen Bertil Str\u00f6mberg.<\/p>\n","protected":false},"author":1,"featured_media":0,"parent":0,"menu_order":0,"comment_status":"closed","ping_status":"open","template":"page-home.php","meta":[],"acf":[],"_links":{"self":[{"href":"http:\/\/bsfastighetsab.se\/index.php?rest_route=\/wp\/v2\/pages\/26"}],"collection":[{"href":"http:\/\/bsfastighetsab.se\/index.php?rest_route=\/wp\/v2\/pages"}],"about":[{"href":"http:\/\/bsfastighetsab.se\/index.php?rest_route=\/wp\/v2\/types\/page"}],"author":[{"embeddable":true,"href":"http:\/\/bsfastighetsab.se\/index.php?rest_route=\/wp\/v2\/users\/1"}],"replies":[{"embeddable":true,"href":"http:\/\/bsfastighetsab.se\/index.php?rest_route=%2Fwp%2Fv2%2Fcomments&post=26"}],"version-history":[{"count":18,"href":"http:\/\/bsfastighetsab.se\/index.php?rest_route=\/wp\/v2\/pages\/26\/revisions"}],"predecessor-version":[{"id":87,"href":"http:\/\/bsfastighetsab.se\/index.php?rest_route=\/wp\/v2\/pages\/26\/revisions\/87"}],"wp:attachment":[{"href":"http:\/\/bsfastighetsab.se\/index.php?rest_route=%2Fwp%2Fv2%2Fmedia&parent=26"}],"curies":[{"name":"wp","href":"https:\/\/api.w.org\/{rel}","templated":true}]}}